?
2, 13, 467, 4261
What are the prime factors of 91240654?
2, 257, 177511
List the prime factors of 546595650.
2, 3, 5, 1214657
List the prime factors of 3532582450.
2, 5, 70651649
List the prime factors of 96791024.
2, 11, 549949
List the prime factors of 61951728.
2, 3, 907, 1423
What are the prime factors of 63214669?
7, 859, 10513
List the prime factors of 197933120.
2, 5, 7, 11, 29, 277
What are the prime factors of 359099392?
2, 19, 18457
List the prime factors of 11688154.
2, 19, 307583
What are the prime factors of 19874924?
2, 4968731
List the prime factors of 32684407.
7, 59, 79139
What are the prime factors of 4517122260?
2, 3, 5, 7, 23, 467611
List the prime factors of 3413905686.
2, 3, 23, 1097, 7517
List the prime factors of 2253173210.
2, 5, 281, 801841
List the prime factors of 286136131.
101, 2833031
List the prime factors of 106853067.
3, 3957521
What are the prime factors of 245312637?
3, 151, 541529
List the prime factors of 404287135.
5, 7, 71, 162691
List the prime factors of 6235511.
337, 18503
List the prime factors of 2704223257.
1907, 1418051
What are the prime factors of 56052779?
43, 1303553
List the prime factors of 5395775.
5, 7, 11, 2803
What are the prime factors of 217828728?
2, 3, 13, 53, 4391
What are the prime factors of 429295276?
2, 23, 4666253
List the prime factors of 77589779.
59, 1315081
List the prime factors of 288945394.
2, 5471, 26407
List the prime factors of 1345112492.
2, 313, 1074371
What are the prime factors of 513916620?
2, 3, 5, 7, 53, 23087
What are the prime factors of 350662698?
2, 3, 859, 22679
What are the prime factors of 3575501471?
43, 5347, 15551
What are the prime factors of 314373045?
3, 5, 7, 67, 44687
List the prime factors of 281152019.
281152019
What are the prime factors of 17441698?
2, 59, 147811
What are the prime factors of 3326232924?
2, 3, 7, 251, 5843
What are the prime factors of 1153559400?
2, 3, 5, 7, 457, 601
List the prime factors of 6155176063.
6155176063
List the prime factors of 138204002.
2, 1289, 53609
What are the prime factors of 3478587916?
2, 71, 251, 48799
What are the prime factors of 65646005?
5, 13129201
List the prime factors of 780681438.
2, 3, 43371191
List the prime factors of 11128762.
2, 5564381
List the prime factors of 740072107.
223, 3318709
List the prime factors of 903018851.
7, 129002693
What are the prime factors of 32878887?
3, 10959629
What are the prime factors of 196794372?
2, 3, 79, 207589
What are the prime factors of 1247814292?
2, 61, 5113993
What are the prime factors of 55733694?
2, 3, 9288949
What are the prime factors of 585207991?
239, 2448569
What are the prime factors of 5253995560?
2, 5, 11, 37, 322727
List the prime factors of 177948315.
3, 5, 67, 59021
What are the prime factors of 858777251?
229, 3750119
What are the prime factors of 102819704?
2, 13, 988651
List the prime factors of 339899435.
5, 67979887
What are the prime factors of 14899213?
7, 263, 8093
List the prime factors of 363426365.
5, 3709, 19597
List the prime factors of 26214462.
2, 3, 347, 1399
List the prime factors of 71006507.
11, 13, 496549
What are the prime factors of 592169252?
2, 71, 461, 4523
What are the prime factors of 32584048?
2, 7, 59, 4931
List the prime factors of 5869750.
2, 5, 53, 443
List the prime factors of 516510477.
3, 7, 241, 34019
What are the prime factors of 217963681?
13, 17, 29, 71, 479
List the prime factors of 1295666441.
17, 76215673
List the prime factors of 10055663.
29, 137, 2531
List the prime factors of 2196800980.
2, 5, 11, 823, 1103
List the prime factors of 10834655.
5, 13, 19, 31, 283
What are the prime factors of 3701844958?
2, 7, 264417497
List the prime factors of 7438942.
2, 7, 531353
List the prime factors of 329284904.
2, 13, 37, 83, 1031
List the prime factors of 55944202.
2, 2339, 11959
List the prime factors of 475252460.
2, 5, 23762623
What are the prime factors of 6682134?
2, 3, 53, 21013
What are the prime factors of 4499169253?
37, 61, 157, 12697
List the prime factors of 2103035510.
2, 5, 210303551
What are the prime factors of 54310694?
2, 1531, 17737
List the prime factors of 118465996.
2, 11, 17, 109, 1453
List the prime factors of 1494751796.
2, 73, 89, 113, 509
What are the prime factors of 18044597?
18044597
What are the prime factors of 122333553?
3, 1951, 6967
What are the prime factors of 464814042?
2, 3, 7, 11, 1006091
What are the prime factors of 370489361?
11, 173, 194687
What are the prime factors of 1488627284?
2, 101, 3684721
List the prime factors of 920520213.
3, 306840071
List the prime factors of 70778512.
2, 7, 163, 3877
What are the prime factors of 2684901184?
2, 7, 67, 89449
What are the prime factors of 284304370?
2, 5, 7, 580213
List the prime factors of 1950653040.
2, 3, 5, 7, 443, 2621
List the prime factors of 13573371.
3, 7, 181, 3571
List the prime factors of 3640029399.
3, 67, 419, 14407
What are the prime factors of 1322663600?
2, 5, 3306659
What are the prime factors of 880102601?
7, 587, 214189
List the prime factors of 241262606.
2, 13, 17, 545843
List the prime factors of 1334204498.
2, 11, 60645659
What are the prime factors of 16199169?
3, 7, 771389
List the prime factors of 5368533997.
45293, 118529
List the prime factors of 61383150.
2, 3, 5, 41, 1109
List the prime factors of 991351343.
11489, 86287
List the prime factors of 5668781272.
2, 7, 11, 31, 26987
What are the prime factors of 349429511?
41, 8522671
List the prime factors of 154207465.
5, 241, 127973
What are the prime factors of 85440303?
3, 13, 227, 3217
What are the prime factors of 99970541?
11, 9088231
List the prime factors of 45860605.
5, 7, 281, 4663
List the prime factors of 150886565.
5, 29, 1040597
What are the prime factors of 815537084?
2, 83, 2456437
List the prime factors of 221374898.
2, 1979, 55931
What are the prime factors of 49747671?
3, 683, 8093
What are the prime factors of 162447156?
2, 3, 271, 16651
What are the prime factors of 112110067?
241, 465187
What are the prime factors of 1442215615?
5, 19, 2617, 5801
What are the prime factors of 787322713?
41, 97, 197969
What are the prime factors of 1044031633?
47, 22213439
List the prime factors of 617685903.
3, 53, 1294939
List the prime factors of 2696634687.
3, 29, 30995801
List the prime factors of 202277423.
1229, 164587
List the prime factors of 1321835513.
12451, 106163
What are the prime factors of 159024665?
5, 31804933
List the prime factors of 4201894006.
2, 283, 7423841
What are the prime factors of 403778480?
2, 5, 7, 79, 9127
What are the prime factors of 2411028356?
2, 11, 54796099
List the prime factors of 730925453.
59, 107, 115781
List the prime factors of 1616851785.
3, 5, 107790119
List the prime factors of 7787421.
3, 73, 439
What are the prime factors of 1999066146?
2, 3, 7, 11, 1907, 2269
What are the prime factors of 2000649184?
2, 62520287
What are the prime factors of 14125869?
3, 1569541
What are the prime factors of 50318818?
2, 11, 337, 617
List the prime factors of 10336394.
2, 37, 139681
What are the prime factors of 1992256943?
31, 73, 880361
List the prime factors of 2561442138.
2, 3, 142302341
What are the prime factors of 87089500?
2, 5, 23, 7573
What are the prime factors of 2500722326?
2, 47, 26603429
List the prime factors of 482726436.
2, 3, 59, 197, 3461
What are the prime factors of 43142813?
7, 503, 12253
What are the prime factors of 1499409521?
1499409521
List the prime factors of 116973176.
2, 367, 39841
List the prime factors of 5433183691.
13, 47, 97, 91673
What are the prime factors of 537233165?
5, 7, 1931, 7949
List the prime factors of 218975797.
218975797
List the prime factors of 79187280.
2, 3, 5, 329947
List the prime factors of 440240204.
2, 110060051
What are the prime factors of 1979926082?
2, 521, 1900121
What are the prime factors of 689674767?
3, 229891589
What are the prime factors of 5500948?
2, 1375237
List the prime factors of 340907519.
19, 1103, 16267
What are the prime factors of 7711464610?
2, 5, 23, 59, 568273
List the prime factors of 4233687300.
2, 3, 5, 4704097
List the prime factors of 4987787170.
2, 5, 229, 2178073
What are the prime factors of 51364240?
2, 5, 71, 9043
What are the prime factors of 42263324?
2, 29, 37, 43, 229
List the prime factors 